at is the highest common factor of z and 18?
9
Suppose 0 = 4*l - 2*f - 10, l + 20 = 6*l + 5*f. Suppose -p + l = -5*j, -4*p + 3*j + 69 = -p. Suppose 56 + p = a. What is the highest common divisor of a and 21?
21
Let i = 29 - 13. Calculate the greatest common factor of 4 and i.
4
Suppose 5*a = -2*q + 29 + 12, -3*a + 36 = 5*q. What is the greatest common factor of 28 and a?
7
Suppose 3*a = 3*w + 8*a - 19, 0 = -3*w - a + 35. Calculate the greatest common factor of 117 and w.
13
Let q = 3 - -10. Let r(j) = 0 - j**2 - 1 - 3 + 0 - 15*j. Let x be r(-7). What is the greatest common divisor of x and q?
13
Let z(m) be the third derivative of m**4/24 + 2*m**3 - 3*m**2. Let u be z(-8). Suppose 0 = u*s - 0 - 28. Calculate the greatest common divisor of 7 and s.
7
Let m = -263 + 383. Let b be (9 - -3) + 4 + -1. Calculate the highest common factor of m and b.
15
Suppose 0 = -t + 29 + 16. Suppose -3*p + 14 = 2, 5*p - 110 = -3*f. What is the highest common factor of t and f?
15
Let x(s) = 4*s**3 + 2*s**2 - s. Let r be x(1). Calculate the highest common factor of 10 and r.
5
Let u(k) = -21*k + 1. Let h be u(-4). Let x(m) = -m**3 - 10*m**2 - 2*m - 3. Let a be x(-10). What is the greatest common factor of h and a?
17
Suppose -s + 48 = 3*s. Calculate the highest common divisor of s and 30.
6
Let k be (7 - (4 + -1))/2. Suppose -1 = -c + 1. Suppose 4*s = -3*w + c*s + 16, 0 = 2*w + 4*s - 24. What is the highest common divisor of w and k?
2
Suppose -44 = 3*x - 5*x. Let c = 12 + -2. Suppose 3*s = 4 + 2, -3*y - 2*s + c = 0. Calculate the greatest common factor of x and y.
2
Suppose d + 4 = 5*d. Let x be (-22)/(-55)*15*d. What is the greatest common factor of 24 and x?
6
Let c(l) = 6*l - 1. Let f be c(-1). Let h be -2 - (-3 + 3 + f). What is the greatest common divisor of h and 50?
5
Suppose -2*q = -4*g - 14, -4 = -5*q - 5*g + 1. Let b be 4/(1 + 1) + 10. Calculate the greatest common factor of q and b.
3
Suppose -34 + 5 = -2*h - a, -5*a + 17 = 2*h. Let m(y) = 2*y + 5. Let v be m(4). Let c be 30/9*(v + -1). Calculate the greatest common factor of c and h.
8
Let o(b) = 13*b - 1. Let a = 10 + -4. Let d be o(a). Let m(k) = -k + 4. Let x be m(-3). Calculate the greatest common divisor of d and x.
7
Let q(c) = -c**3 - 4*c**2 + 4*c. Suppose -10 = 4*y - 2*y. Let k be q(y). Suppose 0 = -k*s - 14 + 84. Calculate the highest common factor of s and 56.
14
Let h be (-2)/3 + (-203)/(-21). What is the highest common divisor of h and 63?
9
Let v(x) = 2*x**2 + x**2 - 2*x**2 + x - 3. Let f be v(-6). What is the highest common factor of 108 and f?
27
Suppose -f = 2, -6*y = -4*y + 5*f - 68. Let x = -15 + y. Calculate the highest common factor of x and 3.
3
Suppose 5*n = 3*i - 390, -3*i + n + 267 = -i. What is the highest common divisor of i and 15?
15
Suppose 4*d - 31 = 13. What is the greatest common divisor of d and 99?
11
Suppose 4*l - 140 = -84. Suppose -2*d + 29 + 205 = -5*z, -5*z - 10 = 0. Calculate the greatest common factor of d and l.
14
Let y be ((-33)/4)/(1/(-4)). Suppose -2*r + 5 = -t, 2*r + 2*t - 8 + 0 = 0. Calculate the highest common divisor of r and y.
3
Let y(a) = a**2 + a + 26. Let r be y(12). Let v(u) = 6*u - 6. Let w be v(5). Let o be 1/((-1)/(-2)) + w. Calculate the highest common divisor of r and o.
26
Let m be (-145)/(-45) - 4/18 - -5. Suppose 3*p = 7*p - 64. Calculate the highest common factor of p and m.
8
Let q = 359 + -194. Suppose -4*x + 5*h = -107, -x + h + 35 = -3*h. Suppose -y - x = -o - 3*y, -2*o + 14 = -4*y. What is the highest common divisor of o and q?
15
Let r = 9 - -55. Let o(g) = 4*g + 2. Let n be o(-6). Let m = r + n. What is the highest common factor of 28 and m?
14
Let j = -1 + 1. Suppose -2*l + 4*l - 12 = j. Calculate the greatest common divisor of 6 and l.
6
Let w be 20/(-6)*(-6)/5. Suppose 4*k = -w*t - 0*t - 244, -2*k - 248 = 4*t. Let l = 0 - t. What is the highest common divisor of l and 9?
9
Let j be 2/(-4)*(-1 + -3). Let m be 2*-1 + 4 + j. What is the highest common divisor of m and 6?
2
Suppose 0 = -m + 2*k + 106, 4*m - 4*k + 32 = 444. What is the highest common divisor of m and 25?
25
Let f(n) = -9*n - 4. Let v be f(-2). Let t(g) = 21*g + 7. Let l be t(5). What is the greatest common factor of v and l?
14
Let z be 205/25 + 2/(-10). What is the highest common factor of 56 and z?
8
Let q = -8 + 32. Calculate the highest common divisor of q and 3.
3
Let n(y) = y**3 + 12*y**2 + 9*y - 6. Let s be n(-11). Let k be 4/10 + s/10. What is the highest common divisor of k and 22?
2
Let o(x) = x**3 - 2*x**2 - x - 3. Let y be o(3). Let z be y + (1 - 1/(-1)). Calculate the greatest common factor of z and 2.
1
Let b(r) = 285*r**2 - 2*r - 1. Let a be b(-1). Suppose -2*k - 98 = -4*v, 5*k - 22 = -7. Calculate the highest common factor of a and v.
26
Let j = -18 + 28. What is the highest common factor of 15 and j?
5
Let s be (-26)/(-8) - 5/20. Let j = s + 18. Suppose j = -0*l + l. Calculate the highest common factor of 14 and l.
7
Let w(g) be the second derivative of 11*g**5/20 - g**3/3 + g**2/2 - g. Let f be w(1). Calculate the greatest common divisor of f and 100.
10
Let p = 25 - -173. Let h(m) = m + 1. Let v be h(17). What is the highest common divisor of v and p?
18
Let b be -3*((-380)/(-6) - 3). Let j = -127 - b. Calculate the greatest common factor of j and 6.
6
Suppose -111 = -2*u - 41. Suppose -19 = -3*f + u. What is the highest common factor of f and 6?
6
Suppose 0 = 2*l - l - 10. Calculate the highest common factor of l and 30.
10
Let v(d) = -d**3 + 4*d**2 + 6*d + 5. Let u be v(4). Calculate the highest common factor of u and 319.
29
Let s = 36 - 15. What is the greatest common factor of s and 147?
21
Suppose 0 = -6*k + 3*k + 165. What is the greatest common divisor of 11 and k?
11
Let u = -2 - -5. Suppose 15 = 2*y + u. Calculate the highest common divisor of y and 6.
6
Let b = -28 + 33. Calculate the highest common factor of 40 and b.
5
Let m be (-6)/9*(-2 + -7). Let d = 9 - m. What is the highest common divisor of 12 and d?
3
Let o(f) = 3*f + 27. Let w be o(-8). Calculate the highest common divisor of 9 and w.
3
Let h be (-9)/(5/(20/6)). Let f be (-8)/(-2) - 2 - h. Suppose -2*q + 18 = -f. Calculate the greatest common factor of q and 13.
13
Let p(o) = -o**3 - 5*o**2 - 3*o - 3. Let q be p(-4). Let v = 23 - q. Calculate the greatest common factor of v and 20.
10
Let n be (35 - 10)/((-2)/6). Let x be (-3)/2 - n/10. Calculate the highest common divisor of x and 54.
6
Let t = -8 + 26. Suppose 0 = -3*f + t - 6. Suppose -2*p + p - f = -2*z, -2*z = 4*p + 6. What is the greatest common divisor of 5 and z?
1
Let d = -47 - -223. Calculate the greatest common divisor of 16 and d.
16
Suppose 4*d = -4*o - 272, 115 + 49 = -3*o + 5*d. Let m = -19 - o. What is the highest common divisor of m and 110?
22
Let h = 8 + 4. Suppose -g = 4*p - 82, 3*g = 3*p + 8*g - 70. Let j be (168/(-10))/((-4)/p). Calculate the highest common factor of h and j.
12
Let a be (0 - -2)*30/4. What is the greatest common factor of a and 120?
15
Let s(f) = -f**3 + 10*f**2 + 13*f - 9. Let k be s(11). Let c be 2/10 + 1392/15. Suppose 2*d + c = 301. Calculate the highest common divisor of k and d.
13
Suppose b - 18 = -4*r, 15 = -0*b + 2*b + r. Suppose -25 = o - b*o. Let y be ((-105)/o)/(3/(-2)). Calculate the highest common divisor of 2 and y.
2
Suppose -a - a = -2. Let g be (-7 + (2 - a))/(-2). What is the highest common divisor of 24 and g?
3
Let x be -1*(-2 - 1)/1. Let b(y) = y**3 + 2 + 3*y**x + 10*y**3 - 5*y**3 - y**2 - 3*y. Let n be b(2). What is the greatest common divisor of n and 16?
16
Let m = 4 - -10. What is the greatest common divisor of m and 7?
7
Let k(b) = -b**3 - 9*b**2 - 4*b. Let m be k(-9). Calculate the highest common divisor of 4 and m.
4
Let i(s) = 2*s**2 - 5*s + 3. Let v be i(3). What is the greatest common divisor of 9 and v?
3
Let a(t) = -t**3 - 8*t**2 + 9*t + 12. Let y be a(-9). Let s be (-1)/((y/56)/(-3)). Calculate the highest common factor of 42 and s.
14
Let c = -72 - -252. Suppose -2*b = 4*b - c. Let l = -3 + 13. What is the greatest common divisor of b and l?
10
Suppose -m = -y - 114, 0 = -m - y + 4*y + 122. Suppose 2*i + s - 2*s = 93, -5*i + 5*s = -245. What is the greatest common factor of m and i?
22
Let c be 0 + (-8)/12 + 32/3. Suppose -4*y = 38 - 238. Suppose